 digit of j?
8
Let l = 7 + 307. What is the hundreds digit of l?
3
Let g be 8 - (-8)/2 - -4. Suppose -56 + g = -2*j. What is the units digit of (-3 - (-68)/j)*150?
0
Suppose 29 - 1659 = -10*b. Suppose b = 5*j + 38. What is the tens digit of j?
2
Let s = -1044 + 1504. What is the hundreds digit of s?
4
Let a be 3/(((-9)/(-6) - 2)*-6). What is the units digit of (46/(-2))/(8/10 - a)?
5
Suppose -p = -2*n - 24, -4*p + 2*n + 0*n + 78 = 0. Suppose 11*r - p = 92. What is the units digit of r?
0
Let t = 100 + -52. Suppose -3 = -h + t. What is the tens digit of 4/12*1*h?
1
Suppose -16 = -5*t + t. Let k be -2*(-8)/t*1. Suppose -5*y + 55 = -5*s, 0 = k*y - 0*s + s - 39. What is the units digit of y?
0
Let w(m) = 42*m - 260. What is the thousands digit of w(37)?
1
Let n(s) = -10*s - 10. Let t(g) = -3*g - 3. Let w(q) = -5*n(q) + 16*t(q). Let b be w(5). Suppose 3*d - 114 - b = 0. What is the tens digit of d?
4
Let h = -46 + 117. Let f = 188 - h. What is the hundreds digit of f?
1
Let v(a) = 149*a + 178. What is the units digit of v(6)?
2
Suppose -4 = -4*o + 432. Let i = 182 - o. What is the units digit of i?
3
Let s be -5 + 2 - 3/3. Let m be 53 - -3*s/(-4). Let c = m - 27. What is the tens digit of c?
2
Let r be (-2)/9 + 220/18. Let z(k) = k**2 + 5. Let p be z(0). Suppose o - 4*h = -0*o + r, h = p*o - 98. What is the tens digit of o?
2
Suppose 0 = 4*m + 5 - 17. Let z(t) = t**3 + 7*t**2 + 5*t + 5. Let g be z(-6). Suppose -m*q = -g - 10. What is the units digit of q?
7
Let h = 22 + -20. Suppose -y + 4*z = -106 - 17, -2*y - h*z = -196. What is the hundreds digit of y?
1
Let d = -45 - -28. Let g be (2/(-6))/(d/255). Suppose g*z = 195 + 45. What is the tens digit of z?
4
Let w = 23 + 22. Suppose 29 = 4*o - 3*u, u + w = 5*o - u. What is the units digit of o?
1
Let g = 406 + -321. What is the tens digit of g?
8
Suppose -2*l - l = -363. Let g = l + -83. What is the tens digit of g?
3
Let n = 1963 - 1186. What is the hundreds digit of n?
7
Let n = 54 - 51. Suppose n*q + 4*a + 53 = 461, 540 = 4*q + 4*a. What is the hundreds digit of q?
1
Suppose 249 + 101 = 7*r. What is the units digit of r?
0
Let c(q) = 61*q**2 - 45*q - 28. What is the thousands digit of c(-5)?
1
Suppose -195 = -5*y - 0. Suppose 5*a - 2 - 3 = 0, 3*c - 5*a = 181. Let m = c - y. What is the units digit of m?
3
Suppose q + 101 = -55. Let i = q - -228. What is the tens digit of i?
7
Suppose -442*y + 445*y = 3642. What is the thousands digit of y?
1
What is the tens digit of 1 + (3701 - 1) + -185 + 179?
9
What is the units digit of (-78*(-3 - -2))/((-188)/(-12502))?
7
Let b = 5 + -4. Let y(u) = -3 + 2 + 5 + 7*u + 33*u. What is the tens digit of y(b)?
4
Suppose -6 = 2*m + 3*f + 3, -3*m - 1 = 2*f. Suppose m*y - 125 = 313. Suppose -4*j - 85 = -5*v + y, -4*v - 5*j + 152 = 0. What is the units digit of v?
3
Suppose s - 5668 = -3*o, -7550 = -10*o + 6*o - 5*s. What is the hundreds digit of o?
8
What is the units digit of (1 - -7)/(((-22)/(-309))/11)?
6
Let y(w) = -w - 1. Let n(u) = u - 1. Let k(a) = -n(a) + 2*y(a). Let f be k(-2). Suppose 0 = x + 5*b - 4, -f*x + 5*b + 56 - 6 = 0. What is the units digit of x?
9
Let s(m) = -375*m + 141. What is the hundreds digit of s(-5)?
0
Let j(b) = -38*b**3 - 2*b**2 - b. Let l be j(-1). Suppose 166 - l = 3*p. What is the units digit of p?
3
Let z = 55 + -24. Let d(l) = -126*l**3 - 1. Let h be d(-1). Suppose 3*x - z = h. What is the units digit of x?
2
Suppose 10332 = -1013*m + 1019*m. What is the units digit of m?
2
Let f(k) = 6*k**3 + 12*k**2 + 6*k - 44. What is the units digit of f(5)?
6
Suppose -3*w - 108 = -c - 2*c, -34 = -c - w. Let v = c + -32. Suppose 109 = v*u - 56. What is the units digit of u?
5
Suppose 15 = 5*n, 7*u - 23 = 2*u - n. Suppose 2*q + 6 = 0, -j = u*q + 2 - 3. What is the tens digit of j?
1
Let a(d) = -4*d**2 + 13*d + 105. Let q(v) = 2*v**2 - 7*v - 53. Let r(i) = 6*a(i) + 11*q(i). What is the units digit of r(0)?
7
Let t(h) = -h + 5. Let v be t(0). Suppose 5 = v*f + 3*u, 0 = 4*f - 3*u - 24 - 7. Suppose 2*l + f = l, -r = -5*l - 34. What is the units digit of r?
4
Let l = -1300 - -1867. Suppose -l = -6*d + 357. What is the units digit of d?
4
Let k = 756 + 24. What is the hundreds digit of k?
7
What is the hundreds digit of 5*(10/60 - (-6517)/30)?
0
Let f = 1888 - 841. What is the thousands digit of f?
1
Let f(r) = 28*r + 32*r + 4*r - 2 - 19*r. What is the units digit of f(1)?
3
Let t = 1 + 95. Suppose 3*v - 7*v + t = 0. What is the units digit of v?
4
Let o(b) = -2*b - 2. Let r(g) = 2*g + 2. Let j(a) = -7*o(a) - 6*r(a). Suppose -3*u = -3*q - 27, -3*u = 2*q - 14 - 13. What is the tens digit of j(u)?
2
Let z(c) = -5*c**3 + 4*c**2 + 6*c - 210. Let t(j) = -j**3 + j**2 + j. Let x(i) = 4*t(i) - z(i). What is the tens digit of x(0)?
1
Suppose 0 = 4*g - 4*r + r + 303, -4*g + 2*r - 306 = 0. Let k = 45 - 44. What is the units digit of -2 + g/(-3) + k?
5
Suppose -g - 2*g + 15 = 0. Suppose 402 = 2*b + b - j, 4*j = -g*b + 653. What is the hundreds digit of b?
1
Let m(w) be the first derivative of -5*w**2 - 32*w + 13. What is the tens digit of m(-7)?
3
Let f be 4/(-2) - 0/(-16). Let q(a) = a**2 + 16*a - 11. Let l be q(-12). Let x = f - l. What is the units digit of x?
7
Suppose -3*b + 15 = 21. Let q be b/(1/(-18)*3). Suppose 8 = 5*k - q. What is the units digit of k?
4
Let s = 6572 + -2878. What is the thousands digit of s?
3
Suppose 4*n + 3*r + 7 = 0, 0 = 3*n + r - 4*r - 21. Suppose -n*i = 114 - 432. What is the hundreds digit of i?
1
Suppose 14*f - 11*f + 207 = 0. Let o = -37 - f. What is the tens digit of o?
3
What is the units digit of 102*(29/7 - 2/14)?
8
Let h = 8 + -3. Suppose 4*o - 64 = -4*y, -y - h*o + 16 = -2*o. Suppose 13*t + 126 = y*t. What is the units digit of t?
2
Suppose -4*c - 3*m = -2846, 22*c + 3*m = 17*c + 3559. What is the hundreds digit of c?
7
Suppose 5*n + 5*w = -1100, 4*n + 84 + 781 = -w. Let q = 339 + n. What is the units digit of q?
4
Suppose 5*n + 5*t = 11 + 4, -9 = -3*t. Let x = 9 - -9. Suppose 4*i - 8 = n, 2*o = 5*o - 3*i - x. What is the units digit of o?
8
Let s(c) = 4*c**2 + 24*c - 1. Let i(p) = -7*p**2 - 43*p + 3. Let r(z) = 3*i(z) + 5*s(z). Let l(j) = -j**2 - 7. Let n be l(0). What is the tens digit of r(n)?
1
Let l = 22 + -18. Suppose l*d = 11*d. Suppose 2*x + 3*y - 124 = d, y + 62 = x - 0*x. What is the tens digit of x?
6
Let j be ((-4)/10)/(11/(-275)). Suppose 0 = 3*p - p - j. Suppose -3*a = 2*a - p. What is the units digit of a?
1
What is the hundreds digit of (-3 - -6) + (4466 - (15 + -6))?
4
Let k(h) = 5*h - 6*h**3 - h**3 + 6*h**3 - 7*h**2 - 11. Let t be (-108)/14 - 2/7. What is the tens digit of k(t)?
1
Suppose f - 462 = 5*k, f + 7*k = 5*k + 497. What is the units digit of f?
7
Suppose -t + 4 = -0*t. Suppose 16 = 5*v - t. Suppose 4*a - 4*q - 108 = 0, -4 = 4*a + v*q - 136. What is the units digit of a?
0
Suppose 18*u - 240 = 336. What is the tens digit of u?
3
Let v(j) = -j**3 + 7*j**2 - 2*j - 4. Let w be v(5). Suppose 4*y - w = 3*h + 2*h, -2*y - 4*h = 8. Let b(t) = 2*t. What is the units digit of b(y)?
8
Let p(f) = -3*f + 14. Let l be p(16). Let v = 62 + l. What is the tens digit of v?
2
Let w(s) = 3*s**2 + 18*s + 287. What is the tens digit of w(-24)?
8
Suppose -2*a = -3*z + 10, -5*z + 19 = -z + 3*a. Suppose z*h = 2*j - 164, h - 2*h - 2*j = 31. Let v = 93 + h. What is the units digit of v?
4
Let m = -3210 + 4681. What is the thousands digit of m?
1
What is the thousands digit of ((-6015)/20)/((-5)/(320/6))?
3
Suppose -51 = -2*z - 3*z - 3*a, z - 2*a = 5. Suppose -z*p + 607 = -338. What is the hundreds digit of p?
1
Suppose 0 = -9*j + 15 + 39. What is the hundreds digit of j/(-8) - (-3735)/36?
1
Suppose 547 = 3*f + d - 161, -3*f + 4*d = -708. What is the units digit of f?
6
Suppose -2986 = -96*x + 171446. What is the hundreds digit of x?
8
What is the tens digit of (-1 + -8*338)*13/(-13)?
0
Let p be (-6*3/30)/((-2)/10). What is the units digit of 226/(p/(6/4))?
3
Let q(y) = 3*y**2 - 14*y + 4. Let c be q(4). What is the tens digit of ((-144)/30)/(c/30)?
3
Let w = -264 + 170. Let g = 72 - w. What is the units digit of g?
6
Let c(u) be the third derivative of u**4/24 + u**3 + u**2. Let o be c(-3). Suppose -o*k + 0*k + 72 = 0. What is the tens digit of k?
2
Let v(g) = 2*g - 2. Let z be v(2). Suppose -5*k - s + 4 = -155, z*k + 5*